q**2 + q**3. List the prime factors of r(0).
2
Let n = 139 - 28. What are the prime factors of n?
3, 37
Let k = 64 + -54. List the prime factors of k.
2, 5
Let p(u) = -2*u - 3. Let a be p(-3). Let d = -1 + a. List the prime factors of (6 - 0)*d + -1.
11
Let n = 14 + -14. Suppose w - 2*y - 44 = n, 2*w + 0*y + 4*y - 80 = 0. What are the prime factors of w?
2, 3, 7
Let v be 164/3 + (-2)/(-6). Suppose -4*o = o - v. List the prime factors of o.
11
Let x(b) = -2*b**3 - 5*b - b**2 + b**3 + 4*b + 2*b**3 - 1. List the prime factors of x(3).
2, 7
Let s = 93 + -46. List the prime factors of s.
47
Suppose -3*g = -4*g + 85. List the prime factors of g.
5, 17
Suppose 0*v - v = -4*r - 103, -5*r - v = 131. Let x = 49 + r. Suppose 0 = -n - 4*n + 4*h + 52, -n + x = -5*h. List the prime factors of n.
2
Let h = 16 - 12. Suppose -4*m + 2*a + 104 = a, h*m = -5*a + 80. List the prime factors of m.
5
Suppose -3*o + l = -573, -3*l = -4 + 13. List the prime factors of o.
2, 5, 19
Suppose 8*t = 6*t + 6. Suppose 2*a - 15 = -t. List the prime factors of a.
2, 3
Let c(q) = -9*q - 8. Let l(j) = -8*j - 7. Let k(g) = 6*c(g) - 7*l(g). Suppose -3*u = -2*u - 5*z - 15, 4*u - 18 = -z. What are the prime factors of k(u)?
11
Suppose -1733 = -12*l + 1303. What are the prime factors of l?
11, 23
Let p be ((-39)/(-9) - -1)*3. Let h(v) = -v**3 + 2*v**2 - 1. Let q be h(1). Suppose -2*r + p + 8 = q. List the prime factors of r.
2, 3
Suppose -6*a = -8*a - 8. List the prime factors of (-10)/a*(-312)/(-20).
3, 13
Suppose 9*z - 216 = -27. What are the prime factors of z?
3, 7
Suppose -10*g = -5*g - 395. What are the prime factors of g?
79
Let d(c) = -5*c**2 + 2*c + 2. Let q be d(2). Let h = -8 - q. List the prime factors of h.
2, 3
Suppose -4*m = -0*m - 316. What are the prime factors of m?
79
Let y(w) = -2*w - 3*w - 2 + 3. List the prime factors of y(-3).
2
Let k(l) = 2*l + 4. Let y be 8 - 0*(2 - 3). Let p = y - 4. What are the prime factors of k(p)?
2, 3
Let d = -3 + 3. Let v = 2 - d. Suppose -u - 2 = -v*u - 2*p, 22 = 4*u + p. List the prime factors of u.
2, 3
Let d(n) = -n**2 - 8*n + 9. Let u(a) = -a**2 - 7*a + 8. Let k(r) = 6*d(r) - 7*u(r). Let y be k(2). What are the prime factors of (y/6)/((-6)/(-108))?
2, 3
Let c(u) = 4*u**2 - 16*u - 7. What are the prime factors of c(-7)?
7, 43
Let n(a) = 9*a**3 + 1. Let k be n(1). Let f(t) = -t**2 + 5*t - 6. Let g be f(5). Let s = g + k. What are the prime factors of s?
2
What are the prime factors of (-7)/((-84)/(-40))*6/(-4)?
5
Suppose -p = p - 38. Let c = p + -1. Suppose 4*y + 4*j - 32 = 0, 0 = -3*y + 3*j - 0*j + c. List the prime factors of y.
7
Let s(r) = -r**3 - 5*r**2 - 5*r + 1. Let f be s(-4). Suppose -5*k = -4*k + 3. Let j = f + k. What are the prime factors of j?
2
Let w(d) = 15*d**2 - 2*d + 13. What are the prime factors of w(3)?
2, 71
Suppose 4*n = 4 + 4. Let f be n/4 - 205/(-10). Let l = f + -10. What are the prime factors of l?
11
Suppose 5*d - 5*m - 165 + 0 = 0, 0 = -5*d + 2*m + 159. What are the prime factors of d?
31
Let j be 3/(-6) - 14/4. Let w = 58 + -88. List the prime factors of w/(-7) - j/(-14).
2
Let m(l) = -l - 7. Let c(w) = -2*w - 8. Let h(k) = -3*c(k) + 4*m(k). Let r be h(4). What are the prime factors of r/(-10) - (-17)/5?
3
Let t = -28 - -29. Let d(p) = p**3 - p**2 - p + 2. Let g be d(0). Suppose 5*f - g*b = 0, -t = 3*f - b - 2. List the prime factors of f.
2
What are the prime factors of 3447/36 - 6/8?
5, 19
Let d = 19 - 16. Suppose -2*m = -5*q + d*m + 40, 6 = q - 3*m. What are the prime factors of q?
3
Let g = 5 + -3. Suppose g*f - 441 = -f. List the prime factors of f/12 - (-6)/8.
13
Let b(q) = q**2 + 2*q + 1. Suppose 2*g - 8 = 3*c, 2*c = -0*g - 3*g - 14. List the prime factors of b(c).
3
Let l(q) = -2*q - 10. Let z be l(-7). Let k = z - 4. Suppose 2*s = -k*s + 14. List the prime factors of s.
7
Suppose 0 = 4*c + 2*w - 150, 5*c - 190 = -3*w - 3. What are the prime factors of c?
2, 19
Let c(l) = 6*l**3 - l**2 + 2*l - 1. Suppose 0 = -2*g + 1 + 3. Let u(q) = -6*q**3 + q**2 - 2*q + 1. Let y(s) = g*u(s) + 3*c(s). List the prime factors of y(1).
2, 3
Suppose -3*g - 2*g + 4*j + 2 = 0, -5*g = -5*j. What are the prime factors of g/3*(-243)/(-6)?
3
Suppose 41*a - 37*a = 1256. List the prime factors of a.
2, 157
What are the prime factors of (6/(-4))/(24/(-32)) - -51?
53
Suppose 0 = 2*g - 3*t - 23, -6*g + 4*t = -4*g - 28. Suppose -w = -g*k - 13, k + k = -5*w + 87. What are the prime factors of w?
17
Let k(x) = 11*x**2 + 2*x - 1. Let y be k(1). Suppose -2*u - y = -r - 99, -2*u - 2*r = -102. List the prime factors of u.
2, 23
Let g(r) = r**3 + 3*r**2 - 5*r - 2. Let x be g(-4). Suppose 2*k + 1 = 3*s, 2*k + x*s - 18 + 4 = 0. What are the prime factors of k?
2
Let w be -2 + (1 - 6/2). Let g be (-1)/(-1*1/(-7)). Let q = w - g. List the prime factors of q.
3
Suppose -15*n = -2*n - 2223. List the prime factors of n.
3, 19
Let q(b) = b + 8. Let f be q(-6). Suppose -3*g + 5 = f*g. What are the prime factors of -1 - ((2 - g) + -4)?
2
Let n(k) = 95*k**2 - k. What are the prime factors of n(1)?
2, 47
Let t(l) = -24*l - 1. Let f be t(-2). Suppose -j + f = 5. What are the prime factors of j?
2, 3, 7
Let u(o) be the first derivative of 2*o**3/3 - 3*o**2/2 - 3*o - 1. What are the prime factors of u(-2)?
11
Let j(b) be the second derivative of -b**5/20 + b**4/3 - b**2 + 3*b. Let s be j(4). List the prime factors of 6 - (s + (-1 - -1)).
2
Let i(s) = s - 7. Let o be i(7). Suppose o*z - 3*c = z - 1, -5*c = -z + 9. List the prime factors of ((-11)/(-2))/(2/z).
11
Let z(m) = -309*m**3 + m**2 + m. List the prime factors of z(-1).
3, 103
What are the prime factors of 705/3 - -1 - 0/3?
2, 59
Let r(l) = -l**3 - 4*l**2 - 3*l - 6. Let m = 0 - -14. Suppose n = 2*k - m, -3*n + 4 - 31 = -3*k. What are the prime factors of r(n)?
2, 3
Suppose 5*n - 18 = 2*s - 2, 2*s + 2*n = 12. Suppose 6*a - s*a = 2*f + 388, 2*a + 412 = -2*f. List the prime factors of f/(-22) + (-10)/55.
3
Suppose 0 = 4*j + 2*u + 40 - 0, 0 = -5*j + 2*u - 59. Let a = -27 + 48. Let g = j + a. List the prime factors of g.
2, 5
Suppose -3*m = -9 - 6. Suppose m*d - 120 = 2*d. List the prime factors of d.
2, 5
Suppose -5*r - 13 = -3, -3*r = -4*k + 18. Suppose 2*c + 3 = -k. List the prime factors of (2 - (-8)/(-3))*c.
2
Suppose 60 = -0*u + 4*u. Let f = -7 + u. Suppose f*j - 50 = 3*j. What are the prime factors of j?
2, 5
Suppose -5*j + 96 = -9. What are the prime factors of j?
3, 7
Let y(v) = -v**3 + 9*v**2 - 4*v. Let c be y(8). Let w = 68 - c. List the prime factors of w.
2, 3
Suppose -s + 2*v - 4*v + 184 = 0, -3*v - 194 = -s. What are the prime factors of s?
2, 47
Let l(o) = 2*o + 2. Suppose h - 12 = -h. What are the prime factors of l(h)?
2, 7
Suppose 0 = -4*r + 8*r - 20. List the prime factors of r.
5
Let b be (2 - 5)*64/6. What are the prime factors of b/6*(-6)/4?
2
Let t be 10 + 2 + (-7 - -4). Suppose -x = -4*x + t. Suppose -12 = -3*o, 0*w + x*w + o - 34 = 0. List the prime factors of w.
2, 5
Let b(m) = m**3 - 3*m**2 - 1. Let f be b(3). List the prime factors of (f/3)/(10/(-60)).
2
Let v = 1 + -8. Let s = 2 - v. What are the prime factors of s?
3
Suppose 2*b + 164 = c, -18 = -c - 3*b + 141. List the prime factors of c.
2, 3
Suppose 3*p - 78 = 96. What are the prime factors of p?
2, 29
Suppose 28 - 8 = -4*k. Let s be ((-18)/5)/(2/k). Suppose s = g - 4. What are the prime factors of g?
13
Suppose -3*d = -3 - 3. Suppose 0 = 6*h - d*h - 24. List the prime factors of h.
2, 3
Let b = 12 - 9. Suppose 3*p - 46 = -3*d - 2*p, 4*p + 21 = d. Suppose b*s - d = -i, -s = -0*s. List the prime factors of i.
17
Let i(d) = 5*d**2 + 9*d**2 - 3*d**2 - 2*d**2. What are the prime factors of i(1)?
3
Let c(d) = d**3 - 6*d**2 + 6*d + 3. Let y be c(5). List the prime factors of y/2 + 1 + 1.
2, 3
Suppose 4*p - 3*n - 99 = 0, -5*p + 150 = -3*n + 8*n. What are the prime factors of p?
3
Let n be 1/((-3)/9 + 0). Suppose 4*p - 8 - 48 = -4*t, 4*t + 24 = 4*p. Let d = p + n. What are the prime factors of d?
7
Suppose 4*q = z - 1, -z + 10 = -3*z - 4*q. Let i = z + 5. Suppose 17 = 2*x - o, o + 3 = i. List the prime factors of x.
2
List the prime factors of (1*12)/((-40)/(-900)).
2, 3, 5
Let p(m) be the third derivative of m**5/60 - 5*m**3/6 - m**2. What are the prime factors of p(4)?
11
Let n(z) = -20*z. Let t be n(-1). List the p